)?
-3
Let n(u) be the second derivative of -u**4/12 - u**3/6 + u**2/2 - 5*u. Give n(0).
1
Let p be (-3 - 10/(-4))*2. Let o(l) = -3*l**2 - l**2 + 0*l - l. Calculate o(p).
-3
Let c = 77 + -80. Let a(l) = l**2 + 2*l. Calculate a(c).
3
Let m(f) be the second derivative of -1/2*f**2 - 7*f + 0 - 4/3*f**3. Let x = 0 + 1. What is m(x)?
-9
Let u(c) = -c**2 - 6*c + 8. Suppose 33 = -5*k - 2*x, 0*k - 2*x + 37 = -5*k. Calculate u(k).
1
Let l(h) = 2 - 9 - 3*h + 2*h. Suppose 0 = r - 2*r - 3. Determine l(r).
-4
Let b(h) be the first derivative of 1/3*h**3 + 3 - 1/2*h**2 - 8*h. Determine b(0).
-8
Let p be (0 + -4)/(-1) + 3. Let n(b) = -b**2 + 7*b - 3. What is n(p)?
-3
Let j(v) be the first derivative of v**7/168 + v**3/3 - 2. Let m(l) be the third derivative of j(l). Let h = 1 + -2. What is m(h)?
-5
Let m be 6/27 + 32/18. Let o(d) = -2*d**3 - m + 5*d**2 + 7*d - 2 + d**3. What is o(6)?
2
Let s(f) = 2*f + 9. Let l be s(-4). Let m(u) = -13*u**2 + 3*u + 4. Let w(z) = z**2 - z - 1. Let b(a) = m(a) + 4*w(a). What is b(l)?
-10
Let p(g) = 3*g + 2 - 3*g + g. Suppose 7*k - 2*k + 90 = -4*r, -5*r = 0. Let d be ((-10)/(-15))/(4/k). Give p(d).
-1
Let q(r) = -2 + r**2 - 4*r - 7 + 10 - 7. Calculate q(5).
-1
Let f(q) = -2*q - 7. Let a(s) = 2*s + 6. Let k(j) = 7*a(j) + 6*f(j). Let l(y) = 11 + 5*y - 3*y - y. Let w be l(-7). What is k(w)?
8
Let b be (-4)/8 - (-14)/4. Suppose 2*s + b*s = 80. Let v = s - 11. Let w(q) = -q + 1. Calculate w(v).
-4
Let m(w) = -w**3 - 2*w**2 + 2*w + 1. Let d be m(-2). Let n(v) be the third derivative of -v**4/12 + 2*v**3/3 + 3*v**2. Calculate n(d).
10
Let y(q) = 3*q - 1. Let g be y(2). Let d be 1/(-1 + 0 + 2). Let x(v) = -v**2 + 7*v**2 - v**3 - 7*v + d + 6. Determine x(g).
-3
Let x = 1 + -8. Let h(o) = 7*o**2 + 3*o. Let n(s) = 8*s**2 + 3*s. Let v(b) = x*h(b) + 6*n(b). Give v(-4).
-4
Let g(m) = m**3 - 3*m**2. Let p(o) = o**2 + 9*o - 5. Let f be p(-10). Let i = -3 + f. What is g(i)?
-4
Let l be 2*(-15)/6 + 0. Let c(g) = -g**2 + g + 1. Let b(a) = 4*a**2 - 8*a. Let s(n) = -b(n) - 5*c(n). Give s(l).
5
Let o(k) = -3*k - k + 2*k**2 + 4 + 6*k - 3. Give o(-3).
13
Let w(g) = -3*g - 7. Let y(h) = h + 1. Let o(f) = w(f) + 4*y(f). Let l be o(0). Let c(q) be the first derivative of q**2/2 + 3*q - 14. Give c(l).
0
Let t(u) = -2*u + u - 5*u**2 + 0*u**2 - 22*u**3 + 21*u**3. Determine t(-4).
-12
Let s(i) = -i**3 + i - 1. Let g(b) = 9*b**3 + 2*b**2 - 6*b + 5. Let z(c) = g(c) + 6*s(c). Determine z(1).
4
Let a be (10/(-15))/(2/(-12)). Suppose 3*m - 2*r = -r - 6, -a*r + 10 = 2*m. Let x(y) be the second derivative of y**5/4 + y**4/12 - y**2/2 + y. Calculate x(m).
-5
Let g(x) be the third derivative of x**6/120 + x**5/60 + x**4/24 + 4*x**2. Let u(j) = 2*j**3 + 3*j**2 + 4*j. Let o(s) = 4*g(s) - u(s). Determine o(-1).
-1
Let o(s) = -s - 4. Suppose 11*c - 16*c = 0. Let u be o(c). Let p(b) = -b**3 - 5*b**2 - 2*b + 5. Determine p(u).
-3
Let i(y) = 1. Let k(v) = v - 5. Let n(q) = -11*i(q) - 2*k(q). Let t be (-2)/((8/9)/(-4)). Suppose 5*b + 20 = -5*f, -2*f - f = 2*b + t. Determine n(b).
5
Let q = -1 + 3. Suppose 2*d - 36 = -3*d + q*o, o = d - 9. Let b(l) = -l**2 + 7*l - 7. Calculate b(d).
-1
Suppose -r - 34 = -5*u, -5*r = 3*u - 6*u + 38. Let v(i) = -i**3 + 7*i**2 - 4*i - 8. Let s be v(u). Let y(p) = 2*p + 1. Determine y(s).
9
Let s be ((-28)/(-10))/(4/10). Let f(l) = -l**3 + 8*l**2 - 4 - 6*l + 2 - s. Give f(7).
-2
Let s(x) = x + 2. Let c be 10*(4 + (-3 - 0)). Let j = 4 - c. Let y be j/(-33) + (-70)/22. Calculate s(y).
-1
Let i be -5 - (-8 + 4 + 0). Let o(h) = -h**3 - 2*h**2 + h + 1. Calculate o(i).
-1
Let y(h) = h - 1. Suppose -22 = g + 3*i, -g + i - 32 = -i. Let d = g + 16. Let t be ((-6)/d)/((-1)/(-2)). Determine y(t).
0
Suppose a + 2*a - 2*p = 9, -15 = -5*a + 3*p. Let f(u) = 6*u**2 - 2*u - 3. Let j(t) = t**2 - 1. Let k(b) = f(b) - 5*j(b). Calculate k(a).
5
Let z(i) = i**3 - 5*i**2 - 2*i + 3. Suppose -n + 3*c - 4 = 0, -4*c - 28 = -5*n - 5*c. Calculate z(n).
-7
Let l be (-51)/7 + 4/14. Let k = 2 + l. Let b(u) = 2*u + 6. Calculate b(k).
-4
Let y(c) = c**3 - 6*c - 6. Let x(r) = -2*r**3 - r**2 + 11*r + 12. Let g(h) = -4*x(h) - 7*y(h). Determine g(-4).
2
Let r(u) = -6 - 20*u + 17*u + 7*u. Give r(4).
10
Let p(l) = l + 4. Suppose 5*g - 2 = -3*x + 10, 12 = 3*g + 3*x. Give p(g).
4
Let y(k) = k**3 - k**2 + k - 1. Let v(j) = 2*j**3 - 10*j**2 + 7. Let n(q) = v(q) - y(q). Let l be n(9). Let o(r) = -12*r**2 - r. Give o(l).
-11
Suppose -5*s = -5*r + 90, 24 = 3*r - 2*s + 5*s. Let f = r - 9. Let w(g) = 0 + 4*g**2 - g**3 + 2 - 2*g + 3. Give w(f).
-3
Let w(j) = 2*j - 1. Let k = -18 + 13. Let p(r) = r + 7. Let t be p(k). Calculate w(t).
3
Let m(u) be the second derivative of u**7/2520 + u**6/180 - u**5/60 + u**4/12 + 3*u. Let a(q) be the third derivative of m(q). Determine a(-4).
-2
Let o(z) = z**2 - 5*z + 4. Let x(k) = -5*k**2 - 22*k - 2. Let n be x(-4). Give o(n).
10
Let u(t) be the first derivative of t**4/4 - t**3/3 + 38. Determine u(0).
0
Let q(s) be the third derivative of -s**8/10080 + s**7/2520 - s**6/240 + s**5/20 - 10*s**2. Let f(i) be the third derivative of q(i). Calculate f(2).
-7
Let n(a) be the third derivative of a**6/40 - a**4/12 + a**3/3 + 6*a**2. Give n(2).
22
Let b(u) = u**2 - 2 - u + 2*u + 3. Let z(f) = -f + 6. Let p be z(4). Suppose -p + 4 = -2*g. Give b(g).
1
Let y(l) = l**2 + 4*l - 4. Let r = -12 - -52. Suppose 3*m = -m - g + 80, -2*m + 2*g + r = 0. Suppose 4*i + i = -m. Give y(i).
-4
Let v(p) = p**3 - p**2 - 2*p - 1. Let c be (2/(-3))/(14/(-147)). Let m = -5 + c. Calculate v(m).
-1
Suppose -8*m = -3*m + 30. Let f = m + 7. Let h(k) = k + 1. Let j(t) = -9*t - 7. Let a(p) = f*j(p) + 6*h(p). Calculate a(1).
-4
Let p(a) = 2*a - 3. Let s(y) = 7*y - 9. Let w(j) = 15*j - 18. Let i(d) = -5*s(d) + 2*w(d). Let r be (24/10)/((-6)/20). Let n(g) = r*p(g) - 3*i(g). Give n(-3).
0
Let d(m) = -m**2 - 5*m + 4. Suppose 5*g - 4*o + 10 = 0, 0 = -3*g - 4*o - 2 - 36. Give d(g).
-2
Let x(y) = y**2 + 4*y + 4. Let k be x(-3). Let i = -2 + k. Let o(n) = 3*n - 1. What is o(i)?
-4
Let n(l) = l**3 - 11*l**2 + 11*l - 11. Let f = 51 - 41. Give n(f).
-1
Let j(l) be the second derivative of -l**5/20 + l**4/4 - l**3/3 + 3*l**2/2 - 5*l. Calculate j(3).
-3
Suppose -2*h - i - 4*i = -2, -2 = i. Let d(j) = 4 - 4*j**2 + 3 - 2*j**2 + j**3. What is d(h)?
7
Let l(u) = -u + 1. Suppose 3 = -5*g + 4*o + 2, 3 = 5*g - 3*o. Determine l(g).
-2
Let d(j) = -j**2 + 7*j - 5. Let a = -10 + 16. Give d(a).
1
Let a(y) be the second derivative of -y**4/12 + 2*y**3/3 + y**2/2 + 2*y + 9. Give a(3).
4
Let r(b) = -2*b**2 - 11*b + 4. Let o(j) be the second derivative of -j**4/12 - 5*j**3/6 + j**2 - 3*j. Let p(q) = -5*o(q) + 2*r(q). Calculate p(-3).
-2
Let w = -14 - -19. Let z(g) = 4*g + 3*g - 1 - w*g - 4*g. Determine z(-1).
1
Suppose -3*z = -5*z. Let x(a) = -a**3 + a - 4. What is x(z)?
-4
Let i be (-3)/6 + 7/2. Suppose -8 = -b - i. Let n(a) = -a**3 + 5*a**2 + a + 4. What is n(b)?
9
Suppose -3*a = 2*a - 10. Let p(d) = -2*d**2 + d + 2. Let t(r) = -3*r**2 + r + 3. Let g(n) = 7*p(n) - 5*t(n). Calculate g(a).
7
Let f(i) = -i + 2. Suppose 11 = -n - k - 2*k, -4*n - 22 = k. Determine f(n).
7
Let s be ((-204)/36)/(2/6). Let k = s - -18. Let f(x) be the third derivative of x**6/24 - x**5/60 + x**3/6 - 2*x**2. Give f(k).
5
Let i = -7 + 13. Let b(u) = 3*u**2 - 3*u - 10. Let d(y) = 10*y**2 - 8*y - 31. Let m(k) = 7*b(k) - 2*d(k). What is m(i)?
-2
Let y = -109 - -106. Let f(h) = h**3 + 4*h**2 + 3*h + 3. What is f(y)?
3
Let d be (-2)/(-21) + (-620)/(-105). Let i(z) = -5 - 1 + z + 3. Determine i(d).
3
Let g(o) = -6*o**3 + 2*o**2 - o. Let y = -1 - -5. Let w be 2/4*(-2 + 2). Suppose -y*k = -w - 4. Give g(k).
-5
Let x be (-2)/5 + (-22)/(-5). Let j(o) = -7*o + 4. Let p(s) = -s + 1. Let u(f) = 12*f - 8. Let m(h) = -2*p(h) - u(h). Let d(g) = -7*j(g) + 5*m(g). Give d(x).
-2
Suppose u + u = 4. Let i(v) = 2*v - u*v**2 + 0*v**2 + v**3 + 3 - 5*v. Suppose 4 = x + 1. Determine i(x).
3
Let f(a) = -a**3 - 6*a**2 - a + 1. Suppose -5*i - 5*l + 2 = 7, -4*i = -2*l + 34. Give f(i).
7
Let k(s) be the first derivative of -s**4/4 - 2*s**3/3 + s**2 - 1. Let u be k(-3). Let n(r) = u*r - 5*r + 4*r - 1. Calculate n(-1).
-3
Let f(p) be the first derivative of p**2/2 - 4*p + 7. Let m be f(3). Let o(v) = 15*v - 1. Determine o(m).
-16
Let t = 0 + 3. Let o(g) = -6 + 2 + g + t. Let p 